8) - (-2)/n.
8
What is the remainder when (2 - 2)/(-2) + 31 is divided by 11?
9
Suppose -720 = -3*t - 5*t. Calculate the remainder when t is divided by 23.
21
Suppose 20 = z + 9. What is the remainder when 21 is divided by z?
10
Let h(s) = -s**3 + s**2 + s + 13. Suppose -n - 57 = -82. What is the remainder when n is divided by h(0)?
12
Let z(o) = -o. Let b(m) = 3*m + 4. Suppose -h + 4 = -2*h. Let r be b(h). Calculate the remainder when 15 is divided by z(r).
7
Let g(h) = -4*h**3 + 4*h**2 + 4*h + 3. Let d be g(-2). Let x = d + -24. Suppose 0 = -2*s + 6, -3*s = 4*v - s - 34. What is the remainder when x is divided by v?
5
Let b(t) = -10 + 2 + 4 - 2*t. Let f be ((-2)/(-4))/((-3)/36). What is the remainder when b(f) is divided by 3?
2
Suppose 12 = 3*w, -2*w + 5*w - 16 = -4*z. Calculate the remainder when (-1)/((-22)/(-23) - z) is divided by 8.
7
Suppose 0 = -7*j + 3*j + 196. What is the remainder when j is divided by 17?
15
Let d(t) = -4*t**2 + 37*t - 21. Let b = -1 - 0. Let w(u) = -11*u**3 - u**2 - 2*u - 1. What is the remainder when d(8) is divided by w(b)?
8
Let i(j) be the second derivative of -j**4/12 - j**3 - 3*j**2/2 - j. Let v be i(-4). Suppose -v*g = 28 - 93. What is the remainder when 37 is divided by g?
11
What is the remainder when 4 is divided by 28/(-49)*7/4*-2?
0
Let l = -3 + 7. Suppose l*f = -32 + 216. Let d = -36 + 52. What is the remainder when f is divided by d?
14
Let p = 8 + -3. Suppose 5*h = -4*j + 45, 2*h - 27 = -h - p*j. What is the remainder when 17 is divided by h?
8
Let x = 35 + -25. Let v be ((-12)/x)/(10/(-75)). Let c = 19 - v. What is the remainder when 28 is divided by c?
8
Let g(o) = 9*o**2 + o + 1. Let k be g(-1). Let z = k - 5. What is the remainder when 15 is divided by z?
3
Suppose 0 = 2*x - 7*x + 10. Suppose -26 + x = -t. Calculate the remainder when t is divided by 13.
11
Let i(f) = f**3 - 6*f**2 + 6*f - 3. Let v be i(5). Let k be 13*-1*2/v. Let w = -5 - k. Calculate the remainder when 22 is divided by w.
6
Suppose 5*c - 33 = 47. Calculate the remainder when c is divided by 6.
4
Let w(a) = -a - 4. Let f(n) = -n**3 + 2*n**2 - 2*n + 1. Let m be f(1). Let b be w(m). Let u = 9 + b. Calculate the remainder when u is divided by 3.
2
Let t be 6/5*20/(-6). Let l = 9 - t. What is the remainder when 63 is divided by l?
11
Let x be (-3)/(-5) - 44/(-10). Suppose 16 = x*f + 4*p, 0 = 4*f + 2*p - 6*p - 20. Calculate the remainder when 10 is divided by f.
2
Let s = 6 - -1. Let o(g) = g + 6. Calculate the remainder when 25 is divided by o(s).
12
Suppose -5*d - 15 = 5*x, 5*d - 2*x + 4 = -4. What is the remainder when 29 is divided by 16/((-1)/d*2)?
13
Suppose 163 = 3*n - 4*h, 5*h + 105 = -4*n + 312. Suppose -2*c + 5*w = -n, -5*c - w + 3*w = -101. Calculate the remainder when c is divided by 10.
9
Suppose -r = -3*i - 42, -4*i - 13 + 5 = 0. Let s = -18 + 37. What is the remainder when r is divided by s?
17
Suppose -4*o = -k - 220, 0 = -2*o + o - 5*k + 76. Calculate the remainder when o is divided by 19.
18
Let z(v) = -2*v**2 - v + 1. Let x be z(1). What is the remainder when 24/(-7)*28/x is divided by 10?
8
Let p = 48 - 8. What is the remainder when p is divided by 14?
12
Let d(u) = -u**2 + 11*u - 17. What is the remainder when d(8) is divided by 3?
1
Suppose 0 = 2*z - 2*k - 12, 2*z - 6 - 1 = -3*k. Calculate the remainder when 16 is divided by z.
1
Let h = 40 - 28. Calculate the remainder when 70 is divided by h.
10
Let j(i) be the third derivative of i**5/12 + i**4/6 + i**3/3 - 2*i**2. Suppose -5*s + 78 = -2*s. What is the remainder when s is divided by j(-2)?
12
Let w(s) = -s**2 + 13*s + 7. What is the remainder when w(10) is divided by ((-8)/(-5))/((-8)/(-100))?
17
Let p = -8 + 11. What is the remainder when 10 is divided by (-2)/(-1 + -1) + p?
2
Suppose 4*s - 66 = 14. Suppose -4*u - 3*g - 146 = -2*g, -g = -2. Let n = 1 - u. Calculate the remainder when n is divided by s.
18
Calculate the remainder when 43 + -4 + -4*4/(-16) is divided by 15.
10
Let a(h) = h + 7. Suppose -13 = -2*s - 5. Let m = s + -2. What is the remainder when m is divided by a(-5)?
0
Let i be -1*2 + 6 + -2. Suppose i*v = v + 10. Let h = 3 + 1. What is the remainder when v is divided by h?
2
Let z(j) = j**2 + j + 42. Calculate the remainder when z(0) is divided by 28.
14
Let y = -10 - -15. Calculate the remainder when 12 is divided by y.
2
Suppose 2*n = 10 + 2. Let t be (-1 - n)*(-36)/14. Suppose -5*c = -t - 7. What is the remainder when c is divided by 3?
2
Let l(h) = -7*h - 31. What is the remainder when 119 is divided by l(-6)?
9
Suppose 3*n + 2*n - 157 = 3*z, 5*n + 2*z - 137 = 0. Calculate the remainder when 55 is divided by n.
26
Suppose -5*o - 2*f = -71, 5*o = o + 4*f + 40. Let k(i) = 9*i - 2. Let c be k(2). Let n = 23 - c. What is the remainder when o is divided by n?
6
Suppose -2*y + 68 = 2*y. Calculate the remainder when 5/(-10) + (-65)/(-2) is divided by y.
15
Suppose 2*a + 265 = 7*a. What is the remainder when a is divided by 14?
11
Let c = -89 + 141. Suppose 2*r + 3*g - 48 = 0, -3*r + 44 = -r + 2*g. Calculate the remainder when c is divided by r.
16
Suppose 0 = -i - 2*i, 5*o - 3*i = 145. What is the remainder when o is divided by 16?
13
Let x(l) = l + 2. Calculate the remainder when 9 is divided by x(0).
1
Suppose 0 = -3*v + 2*v, 4*h - 2*v = -20. What is the remainder when 1/3 - 46/(-6) is divided by (h*(-2 + 3))/(-1)?
3
Let l = 232 - -431. Suppose 2*y = -i + 197, -5*y + l = -i + 181. What is the remainder when y is divided by 25?
22
Let h = 207 - 134. What is the remainder when h is divided by 15?
13
Suppose 0 = 5*s - 5*w + 3 + 2, 0 = -5*s - 3*w + 19. What is the remainder when (3/6)/((-1)/(-124)) is divided by 15/25*(37 - s)?
20
Suppose x = -0*x + 18. What is the remainder when 33 is divided by x?
15
Suppose -y + 0 = -5. Let b(r) = 0*r**3 - 9*r + 4*r**2 - r**3 - 15*r**2 + 14. What is the remainder when y is divided by b(-10)?
1
Let j(o) = 26*o**2 - 2*o - 1. Let u = 13 + -6. What is the remainder when j(-1) is divided by u?
6
Suppose 263 = -0*q - 5*q + 3*t, 2*q + 98 = 3*t. Let o be (-99)/(-6)*(-4)/2. Let g = o - q. Calculate the remainder when g is divided by 8.
6
Suppose -10 = -0*g - 2*g + 2*s, 5*s = 2*g - 13. What is the remainder when 4/(-18) + 308/9 is divided by (g/(-6))/((-3)/54)?
10
Suppose 6*l - 422 + 50 = 0. Suppose -2*p + 5*m + 42 = -5, 95 = 5*p - 5*m. Calculate the remainder when l is divided by p.
14
Let b(y) = y**3 - y**2 + 8*y**2 + 8*y + 0*y - 137 + 141. Suppose j + 4 - 29 = 0. What is the remainder when j is divided by b(-5)?
11
Let o(l) = 2*l + 18. What is the remainder when o(8) is divided by 9?
7
Let i(h) = -h**3 - 9*h**2 + 10. Let n be i(-9). Suppose -c + n = -3. What is the remainder when 2*(39/2 + -1) is divided by c?
11
Let c(g) = -8*g - 25. Calculate the remainder when c(-6) is divided by 13 - (-1)/(-2)*2.
11
Let u be (0 + -2)/(6/12). Let s(q) = 10*q**2 + q - 1. What is the remainder when -19*((-2 - u) + -3) is divided by s(1)?
9
Let s = 6 - 6. Let o = s - -3. Calculate the remainder when 4 is divided by o.
1
Let c be 472/(-20) + (-2)/5. Let i = -12 - c. What is the remainder when i is divided by (-105)/10*(-2)/3?
5
Suppose -4*d = -0*d + 44. Let z = d - -19. Calculate the remainder when 30 is divided by z.
6
Let s = -3 + 26. Let b(y) = y**2 + 9*y + 11. Let t be b(-8). Suppose 5*c - 66 = -t*i, i - 18 = -2*c + 4*i. Calculate the remainder when s is divided by c.
11
Let u be (-2)/9 + 47/9. Suppose -4*x = -u*x - 5*v + 32, -4*x + 2*v + 62 = 0. What is the remainder when 50 is divided by x?
16
Let p = 71 - 37. Suppose x = -x + p. Let g(f) = 4*f**2 + 5*f - 2. What is the remainder when g(3) is divided by x?
15
Let m = 14 + -10. Calculate the remainder when 9 is divided by m.
1
Suppose -4*g + 3*g = 0. Let d = g + 4. Suppose d*o - 44 = 12. Calculate the remainder when 40 is divided by o.
12
Suppose -2*y = -5*r - 22, 3*r - 7*r - 2*y - 32 = 0. Let t(a) = -a**2 - 8*a - 8. Calculate the remainder when 194/18 - (-4)/18 is divided by t(r).
3
Suppose 5*m + o - 200 = 0, -110 + 30 = -2*m - 2*o. Let q = 89 - m. Calculate the remainder when q is divided by 17.
15
Let n(i) = 4*i**3 - 9*i**2 - 3*i + 1. Let u(m) = 11*m**3 - 26*m**2 - 9*m + 4. Let z(f) = 8*n(f) - 3*u(f). What is the remainder when z(6) is divided by 5?
4
Suppose 203 - 599 = -